{"id":1354,"date":"2022-05-18T13:23:56","date_gmt":"2022-05-18T12:23:56","guid":{"rendered":"https:\/\/antoniocapozza.it\/?page_id=1354"},"modified":"2025-08-13T11:46:00","modified_gmt":"2025-08-13T10:46:00","slug":"riflessologia","status":"publish","type":"page","link":"https:\/\/antoniocapozza.it\/index.php\/trattamenti\/riflessologia\/","title":{"rendered":"Riflessologia"},"content":{"rendered":"\t\t<div data-elementor-type=\"wp-page\" data-elementor-id=\"1354\" class=\"elementor elementor-1354\" data-elementor-post-type=\"page\">\n\t\t\t\t\t\t<section class=\"elementor-section elementor-top-section elementor-element elementor-element-83746e8 elementor-section-height-min-height elementor-section-boxed elementor-section-height-default elementor-section-items-middle\" data-id=\"83746e8\" data-element_type=\"section\" data-settings=\"{&quot;background_background&quot;:&quot;classic&quot;}\">\n\t\t\t\t\t\t\t<div class=\"elementor-background-overlay\"><\/div>\n\t\t\t\t\t\t\t<div class=\"elementor-container elementor-column-gap-default\">\n\t\t\t\t\t<div class=\"elementor-column elementor-col-100 elementor-top-column elementor-element elementor-element-09faee3\" data-id=\"09faee3\" data-element_type=\"column\">\n\t\t\t<div class=\"elementor-widget-wrap elementor-element-populated\">\n\t\t\t\t\t\t<div class=\"elementor-element elementor-element-c7152a9 elementor-widget elementor-widget-heading\" data-id=\"c7152a9\" data-element_type=\"widget\" data-widget_type=\"heading.default\">\n\t\t\t\t<div class=\"elementor-widget-container\">\n\t\t\t\t\t<h1 class=\"elementor-heading-title elementor-size-default\">riflessologia<\/h1>\t\t\t\t<\/div>\n\t\t\t\t<\/div>\n\t\t\t\t\t<\/div>\n\t\t<\/div>\n\t\t\t\t\t<\/div>\n\t\t<\/section>\n\t\t\t\t<section class=\"elementor-section elementor-top-section elementor-element elementor-element-6be5425 elementor-section-boxed elementor-section-height-default elementor-section-height-default\" data-id=\"6be5425\" data-element_type=\"section\">\n\t\t\t\t\t\t<div class=\"elementor-container elementor-column-gap-default\">\n\t\t\t\t\t<div class=\"elementor-column elementor-col-100 elementor-top-column elementor-element elementor-element-d4b6025\" data-id=\"d4b6025\" data-element_type=\"column\">\n\t\t\t<div class=\"elementor-widget-wrap elementor-element-populated\">\n\t\t\t\t\t\t<div class=\"elementor-element elementor-element-b72966e elementor-widget elementor-widget-spacer\" data-id=\"b72966e\" data-element_type=\"widget\" data-widget_type=\"spacer.default\">\n\t\t\t\t<div class=\"elementor-widget-container\">\n\t\t\t\t\t\t\t<div class=\"elementor-spacer\">\n\t\t\t<div class=\"elementor-spacer-inner\"><\/div>\n\t\t<\/div>\n\t\t\t\t\t\t<\/div>\n\t\t\t\t<\/div>\n\t\t\t\t\t<\/div>\n\t\t<\/div>\n\t\t\t\t\t<\/div>\n\t\t<\/section>\n\t\t\t\t<section class=\"elementor-section elementor-top-section elementor-element elementor-element-cdeb9b6 elementor-section-boxed elementor-section-height-default elementor-section-height-default\" data-id=\"cdeb9b6\" data-element_type=\"section\">\n\t\t\t\t\t\t<div class=\"elementor-container elementor-column-gap-default\">\n\t\t\t\t\t<div class=\"elementor-column elementor-col-100 elementor-top-column elementor-element elementor-element-52656e4\" data-id=\"52656e4\" data-element_type=\"column\">\n\t\t\t<div class=\"elementor-widget-wrap elementor-element-populated\">\n\t\t\t\t\t\t<div class=\"elementor-element elementor-element-454644a elementor-widget elementor-widget-text-editor\" data-id=\"454644a\" data-element_type=\"widget\" data-widget_type=\"text-editor.default\">\n\t\t\t\t<div class=\"elementor-widget-container\">\n\t\t\t\t\t\t\t\t\t<p style=\"font-weight: 400;\">La <strong>riflessologia<\/strong> \u00e8 una pratica antichissima, utilizzata dall&#8217;uomo da circa 5000 anni.<\/p><p>\u00a0<\/p><p style=\"font-weight: 400;\">\u00c8 in grado di trasmettere a tutta la persona uno stato di <strong>profondo benessere e di pace spirituale<\/strong>.<\/p><p>\u00a0<\/p>\t\t\t\t\t\t\t\t<\/div>\n\t\t\t\t<\/div>\n\t\t\t\t\t<\/div>\n\t\t<\/div>\n\t\t\t\t\t<\/div>\n\t\t<\/section>\n\t\t\t\t<section class=\"elementor-section elementor-top-section elementor-element elementor-element-dffff1a elementor-section-boxed elementor-section-height-default elementor-section-height-default\" data-id=\"dffff1a\" data-element_type=\"section\">\n\t\t\t\t\t\t<div class=\"elementor-container elementor-column-gap-default\">\n\t\t\t\t\t<div class=\"elementor-column elementor-col-16 elementor-top-column elementor-element elementor-element-6cececb\" data-id=\"6cececb\" data-element_type=\"column\">\n\t\t\t<div class=\"elementor-widget-wrap\">\n\t\t\t\t\t\t\t<\/div>\n\t\t<\/div>\n\t\t\t\t<div class=\"elementor-column elementor-col-66 elementor-top-column elementor-element elementor-element-d5a69c0\" data-id=\"d5a69c0\" data-element_type=\"column\">\n\t\t\t<div class=\"elementor-widget-wrap elementor-element-populated\">\n\t\t\t\t\t\t<div class=\"elementor-element elementor-element-a2ccbba elementor-widget elementor-widget-image\" data-id=\"a2ccbba\" data-element_type=\"widget\" data-widget_type=\"image.default\">\n\t\t\t\t<div class=\"elementor-widget-container\">\n\t\t\t\t\t\t\t\t\t\t\t\t\t\t\t<img fetchpriority=\"high\" decoding=\"async\" width=\"1024\" height=\"683\" src=\"https:\/\/antoniocapozza.it\/wp-content\/uploads\/2022\/08\/DSC01549_web.jpg\" class=\"attachment-full size-full wp-image-2170\" alt=\"\" srcset=\"https:\/\/antoniocapozza.it\/wp-content\/uploads\/2022\/08\/DSC01549_web.jpg 1024w, https:\/\/antoniocapozza.it\/wp-content\/uploads\/2022\/08\/DSC01549_web-300x200.jpg 300w, https:\/\/antoniocapozza.it\/wp-content\/uploads\/2022\/08\/DSC01549_web-768x512.jpg 768w\" sizes=\"(max-width: 1024px) 100vw, 1024px\" \/>\t\t\t\t\t\t\t\t\t\t\t\t\t\t\t<\/div>\n\t\t\t\t<\/div>\n\t\t\t\t\t<\/div>\n\t\t<\/div>\n\t\t\t\t<div class=\"elementor-column elementor-col-16 elementor-top-column elementor-element elementor-element-ac4a99e\" data-id=\"ac4a99e\" data-element_type=\"column\">\n\t\t\t<div class=\"elementor-widget-wrap\">\n\t\t\t\t\t\t\t<\/div>\n\t\t<\/div>\n\t\t\t\t\t<\/div>\n\t\t<\/section>\n\t\t\t\t<section class=\"elementor-section elementor-top-section elementor-element elementor-element-c498c1c elementor-section-boxed elementor-section-height-default elementor-section-height-default\" data-id=\"c498c1c\" data-element_type=\"section\">\n\t\t\t\t\t\t<div class=\"elementor-container elementor-column-gap-default\">\n\t\t\t\t\t<div class=\"elementor-column elementor-col-100 elementor-top-column elementor-element elementor-element-21dcd11\" data-id=\"21dcd11\" data-element_type=\"column\">\n\t\t\t<div class=\"elementor-widget-wrap elementor-element-populated\">\n\t\t\t\t\t\t<div class=\"elementor-element elementor-element-deb0119 elementor-widget elementor-widget-text-editor\" data-id=\"deb0119\" data-element_type=\"widget\" data-widget_type=\"text-editor.default\">\n\t\t\t\t<div class=\"elementor-widget-container\">\n\t\t\t\t\t\t\t\t\t<p>\u00a0<\/p><p style=\"font-weight: 400;\">Con il termine riflessologia si fa riferimento <strong>sia alla riflessologia del piede, che a quella di qualsiasi punto del corpo<\/strong>.<\/p><p>\u00a0<\/p><p style=\"font-weight: 400;\">Esistono punti riflessi sul viso, sulla testa, sull&#8217;orecchio, sulla schiena, sull&#8217;addome, ed \u00e8 affascinante vedere come il corpo riprenda equilibrio durante la stimolazione.<\/p><p>\u00a0<\/p><p style=\"font-weight: 400;\">\u00c8 come accordare una chitarra che non suona bene e che, pian piano, con tempo, pazienza, dedizione, amore, inizia a tirar fuori il suo vero suono, la sua giusta frequenza.<\/p>\t\t\t\t\t\t\t\t<\/div>\n\t\t\t\t<\/div>\n\t\t\t\t\t<\/div>\n\t\t<\/div>\n\t\t\t\t\t<\/div>\n\t\t<\/section>\n\t\t\t\t<section class=\"elementor-section elementor-top-section elementor-element elementor-element-00aa7ea elementor-section-boxed elementor-section-height-default elementor-section-height-default\" data-id=\"00aa7ea\" data-element_type=\"section\">\n\t\t\t\t\t\t<div class=\"elementor-container elementor-column-gap-default\">\n\t\t\t\t\t<div class=\"elementor-column elementor-col-25 elementor-top-column elementor-element elementor-element-b471216\" data-id=\"b471216\" data-element_type=\"column\">\n\t\t\t<div class=\"elementor-widget-wrap\">\n\t\t\t\t\t\t\t<\/div>\n\t\t<\/div>\n\t\t\t\t<div class=\"elementor-column elementor-col-50 elementor-top-column elementor-element elementor-element-7202523\" data-id=\"7202523\" data-element_type=\"column\">\n\t\t\t<div class=\"elementor-widget-wrap elementor-element-populated\">\n\t\t\t\t\t\t<div class=\"elementor-element elementor-element-375cec3 elementor-widget elementor-widget-image\" data-id=\"375cec3\" data-element_type=\"widget\" data-widget_type=\"image.default\">\n\t\t\t\t<div class=\"elementor-widget-container\">\n\t\t\t\t\t\t\t\t\t\t\t\t\t\t\t<img decoding=\"async\" width=\"717\" height=\"717\" src=\"https:\/\/antoniocapozza.it\/wp-content\/uploads\/2022\/08\/38743_web.jpg\" class=\"attachment-full size-full wp-image-2173\" alt=\"\" srcset=\"https:\/\/antoniocapozza.it\/wp-content\/uploads\/2022\/08\/38743_web.jpg 717w, https:\/\/antoniocapozza.it\/wp-content\/uploads\/2022\/08\/38743_web-300x300.jpg 300w, https:\/\/antoniocapozza.it\/wp-content\/uploads\/2022\/08\/38743_web-150x150.jpg 150w\" sizes=\"(max-width: 717px) 100vw, 717px\" \/>\t\t\t\t\t\t\t\t\t\t\t\t\t\t\t<\/div>\n\t\t\t\t<\/div>\n\t\t\t\t\t<\/div>\n\t\t<\/div>\n\t\t\t\t<div class=\"elementor-column elementor-col-25 elementor-top-column elementor-element elementor-element-5f1efbe\" data-id=\"5f1efbe\" data-element_type=\"column\">\n\t\t\t<div class=\"elementor-widget-wrap\">\n\t\t\t\t\t\t\t<\/div>\n\t\t<\/div>\n\t\t\t\t\t<\/div>\n\t\t<\/section>\n\t\t\t\t<section class=\"elementor-section elementor-top-section elementor-element elementor-element-30a759d elementor-section-boxed elementor-section-height-default elementor-section-height-default\" data-id=\"30a759d\" data-element_type=\"section\">\n\t\t\t\t\t\t<div class=\"elementor-container elementor-column-gap-default\">\n\t\t\t\t\t<div class=\"elementor-column elementor-col-100 elementor-top-column elementor-element elementor-element-fc7cfe2\" data-id=\"fc7cfe2\" data-element_type=\"column\">\n\t\t\t<div class=\"elementor-widget-wrap elementor-element-populated\">\n\t\t\t\t\t\t<div class=\"elementor-element elementor-element-c1ed2a3 elementor-widget elementor-widget-text-editor\" data-id=\"c1ed2a3\" data-element_type=\"widget\" data-widget_type=\"text-editor.default\">\n\t\t\t\t<div class=\"elementor-widget-container\">\n\t\t\t\t\t\t\t\t\t<p style=\"font-weight: 400;\">Nello specifico, il piede, \u00e8 una <strong>struttura anatomicamente meravigliosa<\/strong>. 26 ossa, 33 articolazioni e un centinaio tra muscoli, tendini e legamenti.<\/p><p>\u00a0<\/p><p style=\"font-weight: 400;\">Le terminazioni nervose che arrivano e partono dal piede sono tantissime e creano miliardi di sinapsi ad ogni tocco, pressione, percezione di calore, umidit\u00e0, ecc.<\/p><p>\u00a0<\/p>\t\t\t\t\t\t\t\t<\/div>\n\t\t\t\t<\/div>\n\t\t\t\t\t<\/div>\n\t\t<\/div>\n\t\t\t\t\t<\/div>\n\t\t<\/section>\n\t\t\t\t<section class=\"elementor-section elementor-top-section elementor-element elementor-element-319a6b4 elementor-section-boxed elementor-section-height-default elementor-section-height-default\" data-id=\"319a6b4\" data-element_type=\"section\">\n\t\t\t\t\t\t<div class=\"elementor-container elementor-column-gap-default\">\n\t\t\t\t\t<div class=\"elementor-column elementor-col-16 elementor-top-column elementor-element elementor-element-2a7b580\" data-id=\"2a7b580\" data-element_type=\"column\">\n\t\t\t<div class=\"elementor-widget-wrap\">\n\t\t\t\t\t\t\t<\/div>\n\t\t<\/div>\n\t\t\t\t<div class=\"elementor-column elementor-col-66 elementor-top-column elementor-element elementor-element-1e24456\" data-id=\"1e24456\" data-element_type=\"column\">\n\t\t\t<div class=\"elementor-widget-wrap elementor-element-populated\">\n\t\t\t\t\t\t<div class=\"elementor-element elementor-element-8fd37fb elementor-widget elementor-widget-image\" data-id=\"8fd37fb\" data-element_type=\"widget\" data-widget_type=\"image.default\">\n\t\t\t\t<div class=\"elementor-widget-container\">\n\t\t\t\t\t\t\t\t\t\t\t\t\t\t\t<img decoding=\"async\" width=\"300\" height=\"292\" src=\"https:\/\/antoniocapozza.it\/wp-content\/uploads\/2022\/08\/propriocezione-300x292-1.jpg\" class=\"attachment-full size-full wp-image-2174\" alt=\"\" \/>\t\t\t\t\t\t\t\t\t\t\t\t\t\t\t<\/div>\n\t\t\t\t<\/div>\n\t\t\t\t\t<\/div>\n\t\t<\/div>\n\t\t\t\t<div class=\"elementor-column elementor-col-16 elementor-top-column elementor-element elementor-element-355da6f\" data-id=\"355da6f\" data-element_type=\"column\">\n\t\t\t<div class=\"elementor-widget-wrap\">\n\t\t\t\t\t\t\t<\/div>\n\t\t<\/div>\n\t\t\t\t\t<\/div>\n\t\t<\/section>\n\t\t\t\t<section class=\"elementor-section elementor-top-section elementor-element elementor-element-fd2eb5f elementor-section-boxed elementor-section-height-default elementor-section-height-default\" data-id=\"fd2eb5f\" data-element_type=\"section\">\n\t\t\t\t\t\t<div class=\"elementor-container elementor-column-gap-default\">\n\t\t\t\t\t<div class=\"elementor-column elementor-col-100 elementor-top-column elementor-element elementor-element-5cfac42\" data-id=\"5cfac42\" data-element_type=\"column\">\n\t\t\t<div class=\"elementor-widget-wrap elementor-element-populated\">\n\t\t\t\t\t\t<div class=\"elementor-element elementor-element-9307ccf elementor-widget elementor-widget-text-editor\" data-id=\"9307ccf\" data-element_type=\"widget\" data-widget_type=\"text-editor.default\">\n\t\t\t\t<div class=\"elementor-widget-container\">\n\t\t\t\t\t\t\t\t\t<p>\u00a0<\/p><p style=\"font-weight: 400;\">La <strong>riflessologia secondo Fitzgerald<\/strong> lavora sulla connessione di uno specifico punto (o zona) del piede ad un organo o struttura del corpo grazie all&#8217;<strong>arco riflesso<\/strong>, unit\u00e0 funzionale del nostro Sistema Nervoso.<\/p><p>\u00a0<\/p><p style=\"font-weight: 400;\">Il <strong>recettore sensitivo<\/strong> stimolato dalla pressione delle dita dell&#8217;operatore trasmette informazioni, al <strong>Sistema Nervoso Centrale (SNC)<\/strong> attraverso il <strong>neurone sensitivo<\/strong> (o afferente).<\/p><p>\u00a0<\/p><p style=\"font-weight: 400;\">Infine, il SNC trasmette uno o pi\u00f9 impulsi nervosi all&#8217;<strong>organo effettore<\/strong> tramite l&#8217;assone del <strong>neurone motorio<\/strong> (o efferente).<\/p><p>\u00a0<\/p>\t\t\t\t\t\t\t\t<\/div>\n\t\t\t\t<\/div>\n\t\t\t\t\t<\/div>\n\t\t<\/div>\n\t\t\t\t\t<\/div>\n\t\t<\/section>\n\t\t\t\t<section class=\"elementor-section elementor-top-section elementor-element elementor-element-45c044b elementor-section-boxed elementor-section-height-default elementor-section-height-default\" data-id=\"45c044b\" data-element_type=\"section\">\n\t\t\t\t\t\t<div class=\"elementor-container elementor-column-gap-default\">\n\t\t\t\t\t<div class=\"elementor-column elementor-col-25 elementor-top-column elementor-element elementor-element-ee2da24\" data-id=\"ee2da24\" data-element_type=\"column\">\n\t\t\t<div class=\"elementor-widget-wrap\">\n\t\t\t\t\t\t\t<\/div>\n\t\t<\/div>\n\t\t\t\t<div class=\"elementor-column elementor-col-50 elementor-top-column elementor-element elementor-element-1095707\" data-id=\"1095707\" data-element_type=\"column\">\n\t\t\t<div class=\"elementor-widget-wrap elementor-element-populated\">\n\t\t\t\t\t\t<div class=\"elementor-element elementor-element-56fbb86 elementor-widget elementor-widget-image\" data-id=\"56fbb86\" data-element_type=\"widget\" data-widget_type=\"image.default\">\n\t\t\t\t<div class=\"elementor-widget-container\">\n\t\t\t\t\t\t\t\t\t\t\t\t\t\t\t<img loading=\"lazy\" decoding=\"async\" width=\"1024\" height=\"1024\" src=\"https:\/\/antoniocapozza.it\/wp-content\/uploads\/2022\/08\/DSC01539_web_quadr.jpg\" class=\"attachment-large size-large wp-image-2180\" alt=\"\" srcset=\"https:\/\/antoniocapozza.it\/wp-content\/uploads\/2022\/08\/DSC01539_web_quadr.jpg 1024w, https:\/\/antoniocapozza.it\/wp-content\/uploads\/2022\/08\/DSC01539_web_quadr-300x300.jpg 300w, https:\/\/antoniocapozza.it\/wp-content\/uploads\/2022\/08\/DSC01539_web_quadr-150x150.jpg 150w, https:\/\/antoniocapozza.it\/wp-content\/uploads\/2022\/08\/DSC01539_web_quadr-768x768.jpg 768w\" sizes=\"(max-width: 1024px) 100vw, 1024px\" \/>\t\t\t\t\t\t\t\t\t\t\t\t\t\t\t<\/div>\n\t\t\t\t<\/div>\n\t\t\t\t\t<\/div>\n\t\t<\/div>\n\t\t\t\t<div class=\"elementor-column elementor-col-25 elementor-top-column elementor-element elementor-element-ffdcc19\" data-id=\"ffdcc19\" data-element_type=\"column\">\n\t\t\t<div class=\"elementor-widget-wrap\">\n\t\t\t\t\t\t\t<\/div>\n\t\t<\/div>\n\t\t\t\t\t<\/div>\n\t\t<\/section>\n\t\t\t\t<section class=\"elementor-section elementor-top-section elementor-element elementor-element-8f73015 elementor-section-boxed elementor-section-height-default elementor-section-height-default\" data-id=\"8f73015\" data-element_type=\"section\">\n\t\t\t\t\t\t<div class=\"elementor-container elementor-column-gap-default\">\n\t\t\t\t\t<div class=\"elementor-column elementor-col-100 elementor-top-column elementor-element elementor-element-0d33dd7\" data-id=\"0d33dd7\" data-element_type=\"column\">\n\t\t\t<div class=\"elementor-widget-wrap elementor-element-populated\">\n\t\t\t\t\t\t<div class=\"elementor-element elementor-element-3dd0715 elementor-widget elementor-widget-text-editor\" data-id=\"3dd0715\" data-element_type=\"widget\" data-widget_type=\"text-editor.default\">\n\t\t\t\t<div class=\"elementor-widget-container\">\n\t\t\t\t\t\t\t\t\t<p>\u00a0<\/p><p style=\"font-weight: 400;\">La <strong>riflessologia secondo la Medicina Cinese<\/strong> invece prevede il <strong>trattamento degli stessi punti utilizzati dall&#8217;agopuntura<\/strong>.<\/p><p>\u00a0<\/p><p style=\"font-weight: 400;\">Questo metodo di pressione terapeutica era gi\u00e0 noto 5000 anni fa in Cina. Simili metodi erano utilizzati, nella stessa epoca, anche in <strong>India<\/strong> e nell&#8217;<strong>Antico Egitto<\/strong>.<\/p><p>\u00a0<\/p><p style=\"font-weight: 400;\">La <strong>riflessologia secondo la MTC <\/strong>lavora sulla funzione energetica dell&#8217;organo e su tutti i suoi psichismi.<\/p><p>\u00a0<\/p><p style=\"font-weight: 400;\">\u00c8 un lavoro pi\u00f9 complesso, ricco di sfumature e molto molto affascinante e terapeutico. Insomma, non \u00e8 un semplice (seppur piacevole ed efficace) massaggio ai piedi.<\/p><p>\u00a0<\/p>\t\t\t\t\t\t\t\t<\/div>\n\t\t\t\t<\/div>\n\t\t\t\t\t<\/div>\n\t\t<\/div>\n\t\t\t\t\t<\/div>\n\t\t<\/section>\n\t\t\t\t<section class=\"elementor-section elementor-top-section elementor-element elementor-element-1da914e elementor-section-boxed elementor-section-height-default elementor-section-height-default\" data-id=\"1da914e\" data-element_type=\"section\">\n\t\t\t\t\t\t<div class=\"elementor-container elementor-column-gap-default\">\n\t\t\t\t\t<div class=\"elementor-column elementor-col-25 elementor-top-column elementor-element elementor-element-a3d8e6e\" data-id=\"a3d8e6e\" data-element_type=\"column\">\n\t\t\t<div class=\"elementor-widget-wrap\">\n\t\t\t\t\t\t\t<\/div>\n\t\t<\/div>\n\t\t\t\t<div class=\"elementor-column elementor-col-50 elementor-top-column elementor-element elementor-element-d35b80b\" data-id=\"d35b80b\" data-element_type=\"column\">\n\t\t\t<div class=\"elementor-widget-wrap elementor-element-populated\">\n\t\t\t\t\t\t<div class=\"elementor-element elementor-element-84b0cf4 elementor-widget elementor-widget-image\" data-id=\"84b0cf4\" data-element_type=\"widget\" data-widget_type=\"image.default\">\n\t\t\t\t<div class=\"elementor-widget-container\">\n\t\t\t\t\t\t\t\t\t\t\t\t\t\t\t<img loading=\"lazy\" decoding=\"async\" width=\"1024\" height=\"1024\" src=\"https:\/\/antoniocapozza.it\/wp-content\/uploads\/2022\/08\/default_web.jpg\" class=\"attachment-large size-large wp-image-2175\" alt=\"\" srcset=\"https:\/\/antoniocapozza.it\/wp-content\/uploads\/2022\/08\/default_web.jpg 1024w, https:\/\/antoniocapozza.it\/wp-content\/uploads\/2022\/08\/default_web-300x300.jpg 300w, https:\/\/antoniocapozza.it\/wp-content\/uploads\/2022\/08\/default_web-150x150.jpg 150w, https:\/\/antoniocapozza.it\/wp-content\/uploads\/2022\/08\/default_web-768x768.jpg 768w\" sizes=\"(max-width: 1024px) 100vw, 1024px\" \/>\t\t\t\t\t\t\t\t\t\t\t\t\t\t\t<\/div>\n\t\t\t\t<\/div>\n\t\t\t\t\t<\/div>\n\t\t<\/div>\n\t\t\t\t<div class=\"elementor-column elementor-col-25 elementor-top-column elementor-element elementor-element-2254bc1\" data-id=\"2254bc1\" data-element_type=\"column\">\n\t\t\t<div class=\"elementor-widget-wrap\">\n\t\t\t\t\t\t\t<\/div>\n\t\t<\/div>\n\t\t\t\t\t<\/div>\n\t\t<\/section>\n\t\t\t\t<section class=\"elementor-section elementor-top-section elementor-element elementor-element-77f07a5 elementor-section-boxed elementor-section-height-default elementor-section-height-default\" data-id=\"77f07a5\" data-element_type=\"section\">\n\t\t\t\t\t\t<div class=\"elementor-container elementor-column-gap-default\">\n\t\t\t\t\t<div class=\"elementor-column elementor-col-100 elementor-top-column elementor-element elementor-element-195a9c3\" data-id=\"195a9c3\" data-element_type=\"column\">\n\t\t\t<div class=\"elementor-widget-wrap elementor-element-populated\">\n\t\t\t\t\t\t<div class=\"elementor-element elementor-element-ab0dd0e elementor-widget elementor-widget-text-editor\" data-id=\"ab0dd0e\" data-element_type=\"widget\" data-widget_type=\"text-editor.default\">\n\t\t\t\t<div class=\"elementor-widget-container\">\n\t\t\t\t\t\t\t\t\t<p>\u00a0<\/p><p style=\"font-weight: 400;\">Nel mio lavoro, il trattamento di <strong>riflessologia<\/strong> \u00e8 sempre preceduto:<\/p><p>\u00a0<\/p><p style=\"font-weight: 400;\">&#8211; da un <strong>colloquio<\/strong> (pi\u00f9 lungo al primo incontro e di veloce aggiornamento ai successivi)<\/p><p>\u00a0<\/p><p style=\"font-weight: 400;\">&#8211; dall&#8217;ascolto dei <strong>polsi<\/strong>;<\/p><p>\u00a0<\/p><p style=\"font-weight: 400;\">&#8211; dall&#8217;osservazione della <strong>lingua<\/strong>;<\/p><p>\u00a0<\/p><p style=\"font-weight: 400;\">in modo da poter avere, della persona ricevente, un quadro energetico chiaro e ben preciso su cui lavorare.<\/p><p>\u00a0<\/p><p style=\"font-weight: 400;\">Il trattamento di <strong>riflessologia<\/strong> da me eseguito \u00e8 quasi sempre integrato da tecniche di <strong>shiatsu<\/strong> e da ulteriori <strong>pratiche complementari<\/strong>, quali la <strong>moxa<\/strong>, la <strong>coppettazione<\/strong>.<\/p>\t\t\t\t\t\t\t\t<\/div>\n\t\t\t\t<\/div>\n\t\t\t\t\t<\/div>\n\t\t<\/div>\n\t\t\t\t\t<\/div>\n\t\t<\/section>\n\t\t\t\t<\/div>\n\t\t","protected":false},"excerpt":{"rendered":"<p>riflessologia La riflessologia \u00e8 una pratica antichissima, utilizzata dall&#8217;uomo da circa 5000 anni. \u00a0 \u00c8 in grado di trasmettere a tutta la persona uno stato di profondo benessere e di pace spirituale. \u00a0 \u00a0 Con il termine riflessologia si fa riferimento sia alla riflessologia del piede, che a quella di qualsiasi punto del corpo. \u00a0 [&hellip;]<\/p>\n","protected":false},"author":1,"featured_media":0,"parent":1352,"menu_order":0,"comment_status":"closed","ping_status":"closed","template":"","meta":{"site-sidebar-layout":"no-sidebar","site-content-layout":"page-builder","ast-site-content-layout":"default","site-content-style":"default","site-sidebar-style":"default","ast-global-header-display":"","ast-banner-title-visibility":"","ast-main-header-display":"","ast-hfb-above-header-display":"","ast-hfb-below-header-display":"","ast-hfb-mobile-header-display":"","site-post-title":"","ast-breadcrumbs-content":"","ast-featured-img":"disabled","footer-sml-layout":"","theme-transparent-header-meta":"enabled","adv-header-id-meta":"","stick-header-meta":"","header-above-stick-meta":"","header-main-stick-meta":"","header-below-stick-meta":"","astra-migrate-meta-layouts":"default","ast-page-background-enabled":"default","ast-page-background-meta":{"desktop":{"background-color":"var(--ast-global-color-4)","background-image":"","background-repeat":"repeat","background-position":"center center","background-size":"auto","background-attachment":"scroll","background-type":"","background-media":"","overlay-type":"","overlay-color":"","overlay-opacity":"","overlay-gradient":""},"tablet":{"background-color":"","background-image":"","background-repeat":"repeat","background-position":"center center","background-size":"auto","background-attachment":"scroll","background-type":"","background-media":"","overlay-type":"","overlay-color":"","overlay-opacity":"","overlay-gradient":""},"mobile":{"background-color":"","background-image":"","background-repeat":"repeat","background-position":"center center","background-size":"auto","background-attachment":"scroll","background-type":"","background-media":"","overlay-type":"","overlay-color":"","overlay-opacity":"","overlay-gradient":""}},"ast-content-background-meta":{"desktop":{"background-color":"var(--ast-global-color-5)","background-image":"","background-repeat":"repeat","background-position":"center center","background-size":"auto","background-attachment":"scroll","background-type":"","background-media":"","overlay-type":"","overlay-color":"","overlay-opacity":"","overlay-gradient":""},"tablet":{"background-color":"var(--ast-global-color-5)","background-image":"","background-repeat":"repeat","background-position":"center center","background-size":"auto","background-attachment":"scroll","background-type":"","background-media":"","overlay-type":"","overlay-color":"","overlay-opacity":"","overlay-gradient":""},"mobile":{"background-color":"var(--ast-global-color-5)","background-image":"","background-repeat":"repeat","background-position":"center center","background-size":"auto","background-attachment":"scroll","background-type":"","background-media":"","overlay-type":"","overlay-color":"","overlay-opacity":"","overlay-gradient":""}},"footnotes":""},"class_list":["post-1354","page","type-page","status-publish","hentry"],"_links":{"self":[{"href":"https:\/\/antoniocapozza.it\/index.php\/wp-json\/wp\/v2\/pages\/1354","targetHints":{"allow":["GET"]}}],"collection":[{"href":"https:\/\/antoniocapozza.it\/index.php\/wp-json\/wp\/v2\/pages"}],"about":[{"href":"https:\/\/antoniocapozza.it\/index.php\/wp-json\/wp\/v2\/types\/page"}],"author":[{"embeddable":true,"href":"https:\/\/antoniocapozza.it\/index.php\/wp-json\/wp\/v2\/users\/1"}],"replies":[{"embeddable":true,"href":"https:\/\/antoniocapozza.it\/index.php\/wp-json\/wp\/v2\/comments?post=1354"}],"version-history":[{"count":31,"href":"https:\/\/antoniocapozza.it\/index.php\/wp-json\/wp\/v2\/pages\/1354\/revisions"}],"predecessor-version":[{"id":2500,"href":"https:\/\/antoniocapozza.it\/index.php\/wp-json\/wp\/v2\/pages\/1354\/revisions\/2500"}],"up":[{"embeddable":true,"href":"https:\/\/antoniocapozza.it\/index.php\/wp-json\/wp\/v2\/pages\/1352"}],"wp:attachment":[{"href":"https:\/\/antoniocapozza.it\/index.php\/wp-json\/wp\/v2\/media?parent=1354"}],"curies":[{"name":"wp","href":"https:\/\/api.w.org\/{rel}","templated":true}]}}